termine n(v).
-5
Suppose 5 = -7*x + 12. Let d(g) = 8*g**3 - g**2 + 2*g - 1. What is d(x)?
8
Let i(n) be the third derivative of -n**5/60 + n**4/6 - n**3/6 + 211*n**2. Suppose f + 5 = 2*f. What is i(f)?
-6
Let y(o) = -2*o**3 - 12*o**2 - 12*o + 46. Let w(h) = h**3 + 5*h**2 + 6*h - 23. Let d(l) = 5*w(l) + 3*y(l). Determine d(-10).
-17
Let r(w) = 31*w + 3. Let y(o) = -10*o - 1. Let q(j) = 2*r(j) + 7*y(j). Determine q(-1).
7
Let l(y) = -12*y**2 + 18*y - 4. Let p(n) = -5*n**2 + 8*n - 2. Let g(q) = -3*l(q) + 7*p(q). Calculate g(-3).
1
Let n be (-640)/(-120) - 2*(-1)/(-6). Suppose 0*p = -r - 3*p - 1, -5*r = 3*p + n. Let l(m) = -2*m**2 + 2 - 5*m**3 - 1 - m**3. Calculate l(r).
5
Let j(m) be the third derivative of -m**4/24 + m**3/6 - 6*m**2. Let d be j(-5). Suppose i + d = -0*i. Let x(o) = o + 2. Calculate x(i).
-4
Suppose -16*t = -13*t - 6. Let f be t/(-6) + 75/9. Let q(g) = -g**3 + g**2 - 5*g + 0*g**3 - f*g**2. Calculate q(-6).
-6
Let p(l) = 2*l + 4. Suppose 2*x + 15 = 4*h - 3, -4*h - 17 = 5*x. Suppose h*t = 3*t - 34. Let b = -31 + t. Determine p(b).
10
Let z(x) = 6*x**2 - 2*x - 4. Let u(a) = -14*a**2 + 7*a + 8. Let m(g) = -2*u(g) - 5*z(g). Calculate m(-5).
-26
Let n(b) = -5*b**2 + 24*b + 36. Let f(y) = -y**2 + 5*y + 7. Let t(h) = 11*f(h) - 2*n(h). Let a be ((-70)/(-40))/((-2)/(-8)). What is t(a)?
5
Suppose 2*c = -12 - 0. Let a(u) = -5 + u**2 + 19*u + 13*u - 41*u + 15*u. Calculate a(c).
-5
Let w(k) = 2*k - 19*k**2 + 1 + 20*k**2 + 9*k**2. Calculate w(-1).
9
Let u(c) = 3*c - 1. Let h(v) = 2*v**2 - 53*v + 28. Let f be h(26). Determine u(f).
5
Let z(y) = 2 - 1 - y - 3. Let k = -53 + 55. What is z(k)?
-4
Let b(l) = -l**3 + 3*l**2 + 3*l - 4. Suppose 2 + 26 = 4*k - 5*y, -k + 3*y = -7. Let s be (-2)/(-7) + 19/k. What is b(s)?
5
Suppose -3*h - 2*h = 25. Let d be (-8)/h + 6/15. Let w(x) = d*x - x - 3 + 4. Calculate w(-5).
-4
Let f(t) = 4*t**3 + t**3 - 16671*t**2 - 3*t**3 + 16669*t**2. Suppose -5*i = -2*q - 2*i - 5, 0 = -2*q - i + 7. Determine f(q).
8
Let u(d) be the third derivative of -d**4/12 - 3*d**3/2 - 3*d**2 - 64. Suppose 13 + 3 = 4*k, 2*f + 32 = 5*k. Determine u(f).
3
Let m(d) = 5*d**3 + 30*d**2 - 30*d - 46. Let s(t) = t**3 + 6*t**2 - 6*t - 9. Suppose -65*r = -70*r - 55. Let h(j) = r*s(j) + 2*m(j). What is h(-7)?
14
Suppose 0*u + 4 = -2*u. Let n(c) be the third derivative of -c**5/60 + c**4/12 + c**3/3 - 519*c**2 + 2. What is n(u)?
-6
Let f(c) = 160*c - 76*c - 2 - 82*c. Let v(h) = -h + 1. Let u(i) = 3*f(i) + 5*v(i). What is u(7)?
6
Let j(d) = -d + 11. Let y be j(7). Suppose 2 - 10 = -y*a. Let m(s) = -6*s**2 + 2*s**2 + 2 + s + s**3 + s**3. What is m(a)?
4
Let b(a) = a**3 + 12*a**2 + 8*a + 8. Suppose -10*n = 1 + 19. Let f(r) = r**3 + 11*r**2 + 8*r + 9. Let q(x) = n*b(x) + 3*f(x). Determine q(-8).
11
Let s(g) = g + 3. Let z(x) = 2*x + 2. Let o(p) = -4*s(p) + 5*z(p). What is o(2)?
10
Let d(f) = -f**2 + 8*f + 24. Suppose 0*b - 20 = -2*b. Let z be d(b). Let y(i) = -i + 1. What is y(z)?
-3
Let b(d) be the second derivative of 1/2*d**2 + 1/12*d**4 + 0 + d + d**3. Give b(-7).
8
Let p(x) = x**2 - 8*x + 3. Suppose -5*q - 4*f - 43 = -2*f, 0 = q + f + 11. Let g = 14 + q. Calculate p(g).
-4
Suppose 7*l - 8 = 15*l. Let p(j) be the first derivative of j**3 + j + 8. Calculate p(l).
4
Let r = 29 + -26. Let x(u) = -u**2 - u + 4. Determine x(r).
-8
Let y(f) = -f + 1. Let k(r) = r**3 + 3*r**2 + 2*r + 2. Let a be k(-2). Let q be y(a). Let w(s) = 3*s + 1. Calculate w(q).
-2
Let w(k) = k + 18. Let l = -20 - -7. Let s be w(l). Let t(x) = -3*x + 1 + s*x - x. What is t(-4)?
-3
Let o(y) = y**2 - 1. Let m be (-24)/(-10)*(1 - 6). Let b = 36 + -26. Let k = m + b. Calculate o(k).
3
Let z(w) = -4*w - 3. Suppose -2*j = 4*i - 20, 2*j = -3*j + 5*i + 5. Suppose -4*v - 2*a + 80 = 0, j*a + 35 = 2*v + 5. Let g = 15 - v. Calculate z(g).
13
Let h(b) = b + 17. Let i be 0/(-1 + (-8)/(-4)). Suppose x - 4*x = i. Give h(x).
17
Let m(h) = -9*h**2 + 8*h - 1. Let k(s) = 2*s**2 - s - 1. Let j(i) = -5*k(i) - m(i). What is j(0)?
6
Let k(o) = 9*o**2 + 0*o**3 + 5 - o**3 - 1094*o + 1085*o. What is k(8)?
-3
Let g(o) = -2 + 148*o**3 - 95*o**3 - 54*o**3 + 6*o**2. Suppose 5*s = -72 + 17. Let b = s + 17. Give g(b).
-2
Let z(l) = 2*l**2 + 48*l + 42. Let f be z(-23). Let x(q) = -2*q**2 - 7*q - 6. What is x(f)?
-10
Suppose 0 = s + 21 - 17. Let v(a) = -7*a - 2 + 6*a + 4 - 3. What is v(s)?
3
Suppose -m + 3*m = 0. Let f(t) = -5*t - 47. Let s(k) = -2*k - 16. Let j(q) = -3*f(q) + 8*s(q). Determine j(m).
13
Let v(r) = -r**3 + r**2 + 4*r. Suppose 12 = 31*m - 27*m. Give v(m).
-6
Let w(l) = 6*l + 0 + 12*l - 7*l - 8*l + 6. Suppose d + d = -12. Calculate w(d).
-12
Let h(k) = 2*k**3 - 10*k**2 + 9*k - 3. Let o be h(4). Let p(c) = 10*c - 1. Determine p(o).
9
Let o = 30 + -28. Let v(t) = -3*t + 9 + 2*t**2 - o - 7*t. Give v(6).
19
Suppose -3*w + 3 = -5*x - 3, -2*w = 5*x - 4. Suppose 2*a - 14 = w*g, -g - 6 = 2*a + g. Let c be a/7 - 66/(-14). Let s(r) = r**2 - 4*r - 7. Calculate s(c).
-2
Let n(x) be the third derivative of x**6/120 - 3*x**5/20 - 5*x**4/12 - 7*x**2 - 14. Calculate n(10).
0
Let u(j) = -4*j - 9. Let g(z) = -3*z - 6. Let l(b) = 7*g(b) - 5*u(b). Let a be l(8). Let v(f) = 10*f**2 - 3*f**2 + 4 + 0*f**2 + 4*f - 6*f**2. Calculate v(a).
9
Let l be (-1 - (14 + -9))/(3/2). Let v(d) = -12*d - 2. Give v(l).
46
Let o(r) = -5*r**2 + 33*r**2 - 12*r - 29*r**2. Determine o(-12).
0
Let s(q) = -q**3 + 19*q**2 + 19*q + 20. Let x be (16 - 16/2)/((-2)/(-5)). Determine s(x).
0
Let t(x) = -x + 10. Suppose 2*j - 3*i = -3*j + 40, -5*j + 4*i + 40 = 0. Calculate t(j).
2
Suppose -q + 4*q = -90. Let v = -27 - q. Let p(f) = -25 - 2*f**v + f + 25. Give p(1).
-1
Let n(j) = 9*j**3 - 15*j**2 - 19*j - 17. Let z(i) = -5*i**3 + 2*i**2. Let c(v) = -n(v) - 2*z(v). Give c(-9).
8
Let r(y) = -y**3 - 3*y**2 + 4*y + 1. Let b be r(-4). Let u(j) = -j**3 - 4*j**2 - 3*j. Let x be u(-3). Let h(d) = 0 - 8*d**2 + x. What is h(b)?
-8
Let s(l) be the third derivative of -l**6/120 + 7*l**5/60 - l**4/24 + 5*l**3/3 + 2*l**2. Suppose 2*t - 2*g = 18, -t - 25 = -4*t + 2*g. What is s(t)?
3
Let j(v) be the first derivative of -15*v**2/2 - v + 1. Suppose -n = 5*b + 9, -30*b + 4*n + 15 = -29*b. Calculate j(b).
14
Let k(w) = w + 16. Let z be k(-12). Let q = z + 0. Let g(i) = 2 - q*i - 2*i + i + 4*i. What is g(0)?
2
Let g(l) = 7*l**2 + 7*l + 5. Let y(b) = 8*b**2 + 8*b + 6. Let d(n) = 7*g(n) - 6*y(n). Suppose 5*o + 10 = -2*m, 4*m + 4 = o - 3*o. What is d(o)?
1
Let l(m) be the second derivative of -m**3/6 - 3*m**2 - 6*m + 19. Determine l(-16).
10
Let i(v) = 6*v**2 - 4. Let f(m) = -m**2 + 1. Let q(o) = -11*o**2 - o + 10. Let l(g) = 6*f(g) - q(g). Let y(w) = -4*i(w) + 5*l(w). Calculate y(-6).
2
Let f(r) = 39*r - 8 - 111*r**2 - 39*r + 113*r**2. Let c(v) be the third derivative of -v**5/60 + 2*v**3/3 + 2*v**2. Let i(a) = 11*c(a) + 6*f(a). Give i(-3).
5
Suppose 2*t - 18 = -5*g + 24, 3*g + 5*t = 29. Let z(n) = n**2 - 6*n - 5. Give z(g).
11
Let p(o) = 9*o**2 + 6*o + 9. Let r(q) = 5*q**2 + 3*q + 5. Let l(c) = -6*p(c) + 11*r(c). Let h(m) = 7*m - 9 - m + 8. Let w be h(1). Give l(w).
11
Let m(u) be the third derivative of -u**7/1680 - u**6/180 - u**5/10 - 11*u**2. Let c(w) be the third derivative of m(w). Determine c(-3).
5
Let x = -97 - -85. Let c(f) = -2*f - 17. Determine c(x).
7
Let n(z) = z**3 + 9. Let m = 623 - 623. Determine n(m).
9
Let w(r) be the third derivative of -r**5/60 - r**4/24 + r**2. Let p(l) = 2 + 1 - l**2 + 2*l + 2*l**2 - 5*l. Let d(v) = p(v) + 2*w(v). Give d(-5).
3
Let m(n) = n + 13. Let k be 12/((-3)/(-8)*1/2). Let g = k + -73. Give m(g).
4
Suppose 4*z + 15 = x, 4*x - 12 = -0*z + 4*z. Let u(r) = -r + 2. Determine u(z).
6
Let m(d) = -d**3 + 4*d**2 - 3*d + 3. Suppose 0 = 15*q - 6*q - 27. Let l be m(q). Let n(p) = 2*p + 4. Calculate n(l).
10
Let x = 60 - 57. Let b(j) = j**3 - 2*j**2 + 2*j - 4. Give b(x).
11
Suppose 4*w + 18 = 202. Suppose -2*a - w + 34 = 0. Let d(n) = -5*n + 5*n + 7 + 3*n. Calculate d(a).
-11
Suppose 0 = -10*o + 17*o + 623. Let f = o - -95. Let y(t) = t - 1. What is y(f)?
5
Let r be (-171)/(-12) - ((-7)/4 + 2). Suppose 2*q - r = -24. Let g(t) = t**2 + 8*t + 3. Determine g(q).
-12
Let u(j) = 2*j - 18. Suppose 70 = 108*n - 103*n. What is u(n)?
10
Let a(i) = 2*i**3 + 4 - 4. Let y = 3721 + -3719. Calculate a(y).
16
Let x(q) = 4 - q + 3 - 5 + 0. Let a(d) = -3*d**